{"id":1065,"date":"2022-05-12T23:33:11","date_gmt":"2022-05-12T21:33:11","guid":{"rendered":"http:\/\/cpaparis.org\/?page_id=1065"},"modified":"2026-04-22T17:32:31","modified_gmt":"2026-04-22T15:32:31","slug":"fete-des-85ans","status":"publish","type":"page","link":"http:\/\/cpaparis.org\/?page_id=1065","title":{"rendered":"F\u00eate des 85 ans du CPAP"},"content":{"rendered":"\n<p>En 2022, le club f\u00eate ses 85 ans. Fid\u00e8le \u00e0 ses valeurs de convivialit\u00e9 et d&rsquo;humour, nous avons organis\u00e9 une soir\u00e9e costum\u00e9e, sur le th\u00e8me de <strong>\u00ab\u00a0Voyage dans le temps\u00a0\u00bb. <\/strong>La soir\u00e9e sur glace a \u00e9t\u00e9\u00a0suivie par un repas dans un restaurant p\u00e9niche sur la seine.\u00a0<\/p>\n<p>Nous avons eu \u00e9galement l&rsquo;aimable participation de Louis Thauron, Champion de France de Danse sur Glace en 2021, avec sa partenaire Adelina Galyavieva<\/p>\n<p><img loading=\"lazy\" decoding=\"async\" class=\"alignnone size-medium wp-image-1082\" src=\"http:\/\/cpaparis.org\/wp-content\/uploads\/2022\/05\/IMG_9560-225x300.jpg\" alt=\"\" width=\"225\" height=\"300\" srcset=\"http:\/\/cpaparis.org\/wp-content\/uploads\/2022\/05\/IMG_9560-225x300.jpg 225w, http:\/\/cpaparis.org\/wp-content\/uploads\/2022\/05\/IMG_9560-rotated.jpg 480w\" sizes=\"auto, (max-width: 225px) 100vw, 225px\" \/>.<\/p>\n<table style=\"border-collapse: collapse; width: 100%;\">\n<tbody>\n<tr>\n<td style=\"width: 50%;\"><img loading=\"lazy\" decoding=\"async\" class=\"alignnone size-medium wp-image-1081\" src=\"http:\/\/cpaparis.org\/wp-content\/uploads\/2022\/05\/IMG_9551-225x300.jpg\" alt=\"\" width=\"225\" height=\"300\" srcset=\"http:\/\/cpaparis.org\/wp-content\/uploads\/2022\/05\/IMG_9551-225x300.jpg 225w, http:\/\/cpaparis.org\/wp-content\/uploads\/2022\/05\/IMG_9551-rotated.jpg 480w\" sizes=\"auto, (max-width: 225px) 100vw, 225px\" \/><\/td>\n<td style=\"width: 50%;\"><img loading=\"lazy\" decoding=\"async\" class=\"alignnone size-medium wp-image-1080\" src=\"http:\/\/cpaparis.org\/wp-content\/uploads\/2022\/05\/Florian-Otai-et-Louis-Thauron-169x300.png\" alt=\"\" width=\"169\" height=\"300\" srcset=\"http:\/\/cpaparis.org\/wp-content\/uploads\/2022\/05\/Florian-Otai-et-Louis-Thauron-169x300.png 169w, http:\/\/cpaparis.org\/wp-content\/uploads\/2022\/05\/Florian-Otai-et-Louis-Thauron-577x1024.png 577w, http:\/\/cpaparis.org\/wp-content\/uploads\/2022\/05\/Florian-Otai-et-Louis-Thauron.png 640w\" sizes=\"auto, (max-width: 169px) 100vw, 169px\" \/><\/td>\n<\/tr>\n<\/tbody>\n<\/table>\n\n\n\n<figure class=\"wp-block-image size-large\"><img loading=\"lazy\" decoding=\"async\" width=\"724\" height=\"1024\" src=\"http:\/\/cpaparis.org\/wp-content\/uploads\/2022\/04\/Affiche-85-ans-CPAP-VF5-724x1024.jpeg\" alt=\"\" class=\"wp-image-1054\" srcset=\"http:\/\/cpaparis.org\/wp-content\/uploads\/2022\/04\/Affiche-85-ans-CPAP-VF5-724x1024.jpeg 724w, http:\/\/cpaparis.org\/wp-content\/uploads\/2022\/04\/Affiche-85-ans-CPAP-VF5-212x300.jpeg 212w, http:\/\/cpaparis.org\/wp-content\/uploads\/2022\/04\/Affiche-85-ans-CPAP-VF5-768x1086.jpeg 768w, http:\/\/cpaparis.org\/wp-content\/uploads\/2022\/04\/Affiche-85-ans-CPAP-VF5-1086x1536.jpeg 1086w, http:\/\/cpaparis.org\/wp-content\/uploads\/2022\/04\/Affiche-85-ans-CPAP-VF5-1448x2048.jpeg 1448w, http:\/\/cpaparis.org\/wp-content\/uploads\/2022\/04\/Affiche-85-ans-CPAP-VF5.jpeg 1654w\" sizes=\"auto, (max-width: 724px) 100vw, 724px\" \/><\/figure>\n","protected":false},"excerpt":{"rendered":"<p>En 2022, le club f\u00eate ses 85 ans. Fid\u00e8le \u00e0 ses valeurs de convivialit\u00e9 et d&rsquo;humour, nous avons organis\u00e9 une soir\u00e9e costum\u00e9e, sur le th\u00e8me de \u00ab\u00a0Voyage dans le temps\u00a0\u00bb. La soir\u00e9e sur glace a \u00e9t\u00e9\u00a0suivie par un repas dans <a class=\"more-link\" href=\"http:\/\/cpaparis.org\/?page_id=1065\">Lire plus &#8230;<\/a><\/p>\n","protected":false},"author":3,"featured_media":1073,"parent":0,"menu_order":10,"comment_status":"closed","ping_status":"closed","template":"","meta":{"_mc_calendar":[],"footnotes":""},"folder":[],"class_list":["post-1065","page","type-page","status-publish","has-post-thumbnail","hentry"],"yoast_head":"<!-- This site is optimized with the Yoast SEO plugin v26.2 - https:\/\/yoast.com\/wordpress\/plugins\/seo\/ -->\n<title>F\u00eate des 85 ans du CPAP - Club de Patinage Adultes de Paris<\/title>\n<meta name=\"robots\" content=\"index, follow, max-snippet:-1, max-image-preview:large, max-video-preview:-1\" \/>\n<link rel=\"canonical\" href=\"http:\/\/cpaparis.org\/?page_id=1065\" \/>\n<meta property=\"og:locale\" content=\"fr_FR\" \/>\n<meta property=\"og:type\" content=\"article\" \/>\n<meta property=\"og:title\" content=\"F\u00eate des 85 ans du CPAP - Club de Patinage Adultes de Paris\" \/>\n<meta property=\"og:description\" content=\"En 2022, le club f\u00eate ses 85 ans. Fid\u00e8le \u00e0 ses valeurs de convivialit\u00e9 et d&rsquo;humour, nous avons organis\u00e9 une soir\u00e9e costum\u00e9e, sur le th\u00e8me de \u00ab\u00a0Voyage dans le temps\u00a0\u00bb. La soir\u00e9e sur glace a \u00e9t\u00e9\u00a0suivie par un repas dans Lire plus ...\" \/>\n<meta property=\"og:url\" content=\"http:\/\/cpaparis.org\/?page_id=1065\" \/>\n<meta property=\"og:site_name\" content=\"Club de Patinage Adultes de Paris\" \/>\n<meta property=\"article:modified_time\" content=\"2026-04-22T15:32:31+00:00\" \/>\n<meta property=\"og:image\" content=\"http:\/\/cpaparis.org\/wp-content\/uploads\/2022\/05\/85-ans.png\" \/>\n\t<meta property=\"og:image:width\" content=\"1040\" \/>\n\t<meta property=\"og:image:height\" content=\"433\" \/>\n\t<meta property=\"og:image:type\" content=\"image\/png\" \/>\n<meta name=\"twitter:card\" content=\"summary_large_image\" \/>\n<meta name=\"twitter:label1\" content=\"Dur\u00e9e de lecture estim\u00e9e\" \/>\n\t<meta name=\"twitter:data1\" content=\"2 minutes\" \/>\n<script type=\"application\/ld+json\" class=\"yoast-schema-graph\">{\"@context\":\"https:\/\/schema.org\",\"@graph\":[{\"@type\":\"WebPage\",\"@id\":\"http:\/\/cpaparis.org\/?page_id=1065\",\"url\":\"http:\/\/cpaparis.org\/?page_id=1065\",\"name\":\"F\u00eate des 85 ans du CPAP - Club de Patinage Adultes de Paris\",\"isPartOf\":{\"@id\":\"http:\/\/cpaparis.org\/#website\"},\"primaryImageOfPage\":{\"@id\":\"http:\/\/cpaparis.org\/?page_id=1065#primaryimage\"},\"image\":{\"@id\":\"http:\/\/cpaparis.org\/?page_id=1065#primaryimage\"},\"thumbnailUrl\":\"http:\/\/cpaparis.org\/wp-content\/uploads\/2022\/05\/85-ans.png\",\"datePublished\":\"2022-05-12T21:33:11+00:00\",\"dateModified\":\"2026-04-22T15:32:31+00:00\",\"breadcrumb\":{\"@id\":\"http:\/\/cpaparis.org\/?page_id=1065#breadcrumb\"},\"inLanguage\":\"fr-FR\",\"potentialAction\":[{\"@type\":\"ReadAction\",\"target\":[\"http:\/\/cpaparis.org\/?page_id=1065\"]}]},{\"@type\":\"ImageObject\",\"inLanguage\":\"fr-FR\",\"@id\":\"http:\/\/cpaparis.org\/?page_id=1065#primaryimage\",\"url\":\"http:\/\/cpaparis.org\/wp-content\/uploads\/2022\/05\/85-ans.png\",\"contentUrl\":\"http:\/\/cpaparis.org\/wp-content\/uploads\/2022\/05\/85-ans.png\",\"width\":1040,\"height\":433},{\"@type\":\"BreadcrumbList\",\"@id\":\"http:\/\/cpaparis.org\/?page_id=1065#breadcrumb\",\"itemListElement\":[{\"@type\":\"ListItem\",\"position\":1,\"name\":\"Accueil\",\"item\":\"http:\/\/cpaparis.org\/\"},{\"@type\":\"ListItem\",\"position\":2,\"name\":\"F\u00eate des 85 ans du CPAP\"}]},{\"@type\":\"WebSite\",\"@id\":\"http:\/\/cpaparis.org\/#website\",\"url\":\"http:\/\/cpaparis.org\/\",\"name\":\"Club de Patinage Adultes de Paris\",\"description\":\"Labellis\u00e9 \u00e9cole de glace par la F\u00e9d\u00e9ration Fran\u00e7aise des Sports de Glace\",\"publisher\":{\"@id\":\"http:\/\/cpaparis.org\/#organization\"},\"potentialAction\":[{\"@type\":\"SearchAction\",\"target\":{\"@type\":\"EntryPoint\",\"urlTemplate\":\"http:\/\/cpaparis.org\/?s={search_term_string}\"},\"query-input\":{\"@type\":\"PropertyValueSpecification\",\"valueRequired\":true,\"valueName\":\"search_term_string\"}}],\"inLanguage\":\"fr-FR\"},{\"@type\":\"Organization\",\"@id\":\"http:\/\/cpaparis.org\/#organization\",\"name\":\"Club de Patinage Adultes de Paris\",\"url\":\"http:\/\/cpaparis.org\/\",\"logo\":{\"@type\":\"ImageObject\",\"inLanguage\":\"fr-FR\",\"@id\":\"http:\/\/cpaparis.org\/#\/schema\/logo\/image\/\",\"url\":\"http:\/\/cpaparis.org\/wp-content\/uploads\/2019\/10\/cpap-transparent.png\",\"contentUrl\":\"http:\/\/cpaparis.org\/wp-content\/uploads\/2019\/10\/cpap-transparent.png\",\"width\":99,\"height\":48,\"caption\":\"Club de Patinage Adultes de Paris\"},\"image\":{\"@id\":\"http:\/\/cpaparis.org\/#\/schema\/logo\/image\/\"}}]}<\/script>\n<!-- \/ Yoast SEO plugin. -->","yoast_head_json":{"title":"F\u00eate des 85 ans du CPAP - Club de Patinage Adultes de Paris","robots":{"index":"index","follow":"follow","max-snippet":"max-snippet:-1","max-image-preview":"max-image-preview:large","max-video-preview":"max-video-preview:-1"},"canonical":"http:\/\/cpaparis.org\/?page_id=1065","og_locale":"fr_FR","og_type":"article","og_title":"F\u00eate des 85 ans du CPAP - Club de Patinage Adultes de Paris","og_description":"En 2022, le club f\u00eate ses 85 ans. Fid\u00e8le \u00e0 ses valeurs de convivialit\u00e9 et d&rsquo;humour, nous avons organis\u00e9 une soir\u00e9e costum\u00e9e, sur le th\u00e8me de \u00ab\u00a0Voyage dans le temps\u00a0\u00bb. La soir\u00e9e sur glace a \u00e9t\u00e9\u00a0suivie par un repas dans Lire plus ...","og_url":"http:\/\/cpaparis.org\/?page_id=1065","og_site_name":"Club de Patinage Adultes de Paris","article_modified_time":"2026-04-22T15:32:31+00:00","og_image":[{"width":1040,"height":433,"url":"http:\/\/cpaparis.org\/wp-content\/uploads\/2022\/05\/85-ans.png","type":"image\/png"}],"twitter_card":"summary_large_image","twitter_misc":{"Dur\u00e9e de lecture estim\u00e9e":"2 minutes"},"schema":{"@context":"https:\/\/schema.org","@graph":[{"@type":"WebPage","@id":"http:\/\/cpaparis.org\/?page_id=1065","url":"http:\/\/cpaparis.org\/?page_id=1065","name":"F\u00eate des 85 ans du CPAP - Club de Patinage Adultes de Paris","isPartOf":{"@id":"http:\/\/cpaparis.org\/#website"},"primaryImageOfPage":{"@id":"http:\/\/cpaparis.org\/?page_id=1065#primaryimage"},"image":{"@id":"http:\/\/cpaparis.org\/?page_id=1065#primaryimage"},"thumbnailUrl":"http:\/\/cpaparis.org\/wp-content\/uploads\/2022\/05\/85-ans.png","datePublished":"2022-05-12T21:33:11+00:00","dateModified":"2026-04-22T15:32:31+00:00","breadcrumb":{"@id":"http:\/\/cpaparis.org\/?page_id=1065#breadcrumb"},"inLanguage":"fr-FR","potentialAction":[{"@type":"ReadAction","target":["http:\/\/cpaparis.org\/?page_id=1065"]}]},{"@type":"ImageObject","inLanguage":"fr-FR","@id":"http:\/\/cpaparis.org\/?page_id=1065#primaryimage","url":"http:\/\/cpaparis.org\/wp-content\/uploads\/2022\/05\/85-ans.png","contentUrl":"http:\/\/cpaparis.org\/wp-content\/uploads\/2022\/05\/85-ans.png","width":1040,"height":433},{"@type":"BreadcrumbList","@id":"http:\/\/cpaparis.org\/?page_id=1065#breadcrumb","itemListElement":[{"@type":"ListItem","position":1,"name":"Accueil","item":"http:\/\/cpaparis.org\/"},{"@type":"ListItem","position":2,"name":"F\u00eate des 85 ans du CPAP"}]},{"@type":"WebSite","@id":"http:\/\/cpaparis.org\/#website","url":"http:\/\/cpaparis.org\/","name":"Club de Patinage Adultes de Paris","description":"Labellis\u00e9 \u00e9cole de glace par la F\u00e9d\u00e9ration Fran\u00e7aise des Sports de Glace","publisher":{"@id":"http:\/\/cpaparis.org\/#organization"},"potentialAction":[{"@type":"SearchAction","target":{"@type":"EntryPoint","urlTemplate":"http:\/\/cpaparis.org\/?s={search_term_string}"},"query-input":{"@type":"PropertyValueSpecification","valueRequired":true,"valueName":"search_term_string"}}],"inLanguage":"fr-FR"},{"@type":"Organization","@id":"http:\/\/cpaparis.org\/#organization","name":"Club de Patinage Adultes de Paris","url":"http:\/\/cpaparis.org\/","logo":{"@type":"ImageObject","inLanguage":"fr-FR","@id":"http:\/\/cpaparis.org\/#\/schema\/logo\/image\/","url":"http:\/\/cpaparis.org\/wp-content\/uploads\/2019\/10\/cpap-transparent.png","contentUrl":"http:\/\/cpaparis.org\/wp-content\/uploads\/2019\/10\/cpap-transparent.png","width":99,"height":48,"caption":"Club de Patinage Adultes de Paris"},"image":{"@id":"http:\/\/cpaparis.org\/#\/schema\/logo\/image\/"}}]}},"_links":{"self":[{"href":"http:\/\/cpaparis.org\/index.php?rest_route=\/wp\/v2\/pages\/1065","targetHints":{"allow":["GET"]}}],"collection":[{"href":"http:\/\/cpaparis.org\/index.php?rest_route=\/wp\/v2\/pages"}],"about":[{"href":"http:\/\/cpaparis.org\/index.php?rest_route=\/wp\/v2\/types\/page"}],"author":[{"embeddable":true,"href":"http:\/\/cpaparis.org\/index.php?rest_route=\/wp\/v2\/users\/3"}],"replies":[{"embeddable":true,"href":"http:\/\/cpaparis.org\/index.php?rest_route=%2Fwp%2Fv2%2Fcomments&post=1065"}],"version-history":[{"count":6,"href":"http:\/\/cpaparis.org\/index.php?rest_route=\/wp\/v2\/pages\/1065\/revisions"}],"predecessor-version":[{"id":1363,"href":"http:\/\/cpaparis.org\/index.php?rest_route=\/wp\/v2\/pages\/1065\/revisions\/1363"}],"wp:featuredmedia":[{"embeddable":true,"href":"http:\/\/cpaparis.org\/index.php?rest_route=\/wp\/v2\/media\/1073"}],"wp:attachment":[{"href":"http:\/\/cpaparis.org\/index.php?rest_route=%2Fwp%2Fv2%2Fmedia&parent=1065"}],"wp:term":[{"taxonomy":"folder","embeddable":true,"href":"http:\/\/cpaparis.org\/index.php?rest_route=%2Fwp%2Fv2%2Ffolder&post=1065"}],"curies":[{"name":"wp","href":"https:\/\/api.w.org\/{rel}","templated":true}]}}

Fête des 85 ans du CPAP

<p>En 2022, le club fête ses 85 ans. Fidèle à ses valeurs de convivialité et d&rsquo;humour, nous avons organisé une soirée costumée, sur le thème de <strong>« Voyage dans le temps ». </strong>La soirée sur glace a été suivie par un repas dans un restaurant péniche sur la seine. </p>
<p>Nous avons eu également l&rsquo;aimable participation de Louis Thauron, Champion de France de Danse sur Glace en 2021, avec sa partenaire Adelina Galyavieva</p>
<p><img loading="lazy" decoding="async" class="alignnone size-medium wp-image-1082" src="http://cpaparis.org/wp-content/uploads/2022/05/IMG_9560-225x300.jpg" alt="" width="225" height="300" srcset="http://cpaparis.org/wp-content/uploads/2022/05/IMG_9560-225x300.jpg 225w, http://cpaparis.org/wp-content/uploads/2022/05/IMG_9560-rotated.jpg 480w" sizes="auto, (max-width: 225px) 100vw, 225px" />.</p>
<table style="border-collapse: collapse; width: 100%;">
<tbody>
<tr>
<td style="width: 50%;"><img loading="lazy" decoding="async" class="alignnone size-medium wp-image-1081" src="http://cpaparis.org/wp-content/uploads/2022/05/IMG_9551-225x300.jpg" alt="" width="225" height="300" srcset="http://cpaparis.org/wp-content/uploads/2022/05/IMG_9551-225x300.jpg 225w, http://cpaparis.org/wp-content/uploads/2022/05/IMG_9551-rotated.jpg 480w" sizes="auto, (max-width: 225px) 100vw, 225px" /></td>
<td style="width: 50%;"><img loading="lazy" decoding="async" class="alignnone size-medium wp-image-1080" src="http://cpaparis.org/wp-content/uploads/2022/05/Florian-Otai-et-Louis-Thauron-169x300.png" alt="" width="169" height="300" srcset="http://cpaparis.org/wp-content/uploads/2022/05/Florian-Otai-et-Louis-Thauron-169x300.png 169w, http://cpaparis.org/wp-content/uploads/2022/05/Florian-Otai-et-Louis-Thauron-577x1024.png 577w, http://cpaparis.org/wp-content/uploads/2022/05/Florian-Otai-et-Louis-Thauron.png 640w" sizes="auto, (max-width: 169px) 100vw, 169px" /></td>
</tr>
</tbody>
</table>



<figure class="wp-block-image size-large"><img loading="lazy" decoding="async" width="724" height="1024" src="http://cpaparis.org/wp-content/uploads/2022/04/Affiche-85-ans-CPAP-VF5-724x1024.jpeg" alt="" class="wp-image-1054" srcset="http://cpaparis.org/wp-content/uploads/2022/04/Affiche-85-ans-CPAP-VF5-724x1024.jpeg 724w, http://cpaparis.org/wp-content/uploads/2022/04/Affiche-85-ans-CPAP-VF5-212x300.jpeg 212w, http://cpaparis.org/wp-content/uploads/2022/04/Affiche-85-ans-CPAP-VF5-768x1086.jpeg 768w, http://cpaparis.org/wp-content/uploads/2022/04/Affiche-85-ans-CPAP-VF5-1086x1536.jpeg 1086w, http://cpaparis.org/wp-content/uploads/2022/04/Affiche-85-ans-CPAP-VF5-1448x2048.jpeg 1448w, http://cpaparis.org/wp-content/uploads/2022/04/Affiche-85-ans-CPAP-VF5.jpeg 1654w" sizes="auto, (max-width: 724px) 100vw, 724px" /></figure>

<p>En 2022, le club fête ses 85 ans. Fidèle à ses valeurs de convivialité et d&rsquo;humour, nous avons organisé une soirée costumée, sur le thème de « Voyage dans le temps ». La soirée sur glace a été suivie par un repas dans <a class="more-link" href="http://cpaparis.org/?page_id=1065">Lire plus &#8230;</a></p>

<!-- This site is optimized with the Yoast SEO plugin v26.2 - https://yoast.com/wordpress/plugins/seo/ -->
<title>Fête des 85 ans du CPAP - Club de Patinage Adultes de Paris</title>
<meta name="robots" content="index, follow, max-snippet:-1, max-image-preview:large, max-video-preview:-1" />
<link rel="canonical" href="http://cpaparis.org/?page_id=1065" />
<meta property="og:locale" content="fr_FR" />
<meta property="og:type" content="article" />
<meta property="og:title" content="Fête des 85 ans du CPAP - Club de Patinage Adultes de Paris" />
<meta property="og:description" content="En 2022, le club fête ses 85 ans. Fidèle à ses valeurs de convivialité et d&rsquo;humour, nous avons organisé une soirée costumée, sur le thème de « Voyage dans le temps ». La soirée sur glace a été suivie par un repas dans Lire plus ..." />
<meta property="og:url" content="http://cpaparis.org/?page_id=1065" />
<meta property="og:site_name" content="Club de Patinage Adultes de Paris" />
<meta property="article:modified_time" content="2026-04-22T15:32:31+00:00" />
<meta property="og:image" content="http://cpaparis.org/wp-content/uploads/2022/05/85-ans.png" />
	<meta property="og:image:width" content="1040" />
	<meta property="og:image:height" content="433" />
	<meta property="og:image:type" content="image/png" />
<meta name="twitter:card" content="summary_large_image" />
<meta name="twitter:label1" content="Durée de lecture estimée" />
	<meta name="twitter:data1" content="2 minutes" />
<script type="application/ld+json" class="yoast-schema-graph">{"@context":"https://schema.org","@graph":[{"@type":"WebPage","@id":"http://cpaparis.org/?page_id=1065","url":"http://cpaparis.org/?page_id=1065","name":"Fête des 85 ans du CPAP - Club de Patinage Adultes de Paris","isPartOf":{"@id":"http://cpaparis.org/#website"},"primaryImageOfPage":{"@id":"http://cpaparis.org/?page_id=1065#primaryimage"},"image":{"@id":"http://cpaparis.org/?page_id=1065#primaryimage"},"thumbnailUrl":"http://cpaparis.org/wp-content/uploads/2022/05/85-ans.png","datePublished":"2022-05-12T21:33:11+00:00","dateModified":"2026-04-22T15:32:31+00:00","breadcrumb":{"@id":"http://cpaparis.org/?page_id=1065#breadcrumb"},"inLanguage":"fr-FR","potentialAction":[{"@type":"ReadAction","target":["http://cpaparis.org/?page_id=1065"]}]},{"@type":"ImageObject","inLanguage":"fr-FR","@id":"http://cpaparis.org/?page_id=1065#primaryimage","url":"http://cpaparis.org/wp-content/uploads/2022/05/85-ans.png","contentUrl":"http://cpaparis.org/wp-content/uploads/2022/05/85-ans.png","width":1040,"height":433},{"@type":"BreadcrumbList","@id":"http://cpaparis.org/?page_id=1065#breadcrumb","itemListElement":[{"@type":"ListItem","position":1,"name":"Accueil","item":"http://cpaparis.org/"},{"@type":"ListItem","position":2,"name":"Fête des 85 ans du CPAP"}]},{"@type":"WebSite","@id":"http://cpaparis.org/#website","url":"http://cpaparis.org/","name":"Club de Patinage Adultes de Paris","description":"Labellisé école de glace par la Fédération Française des Sports de Glace","publisher":{"@id":"http://cpaparis.org/#organization"},"potentialAction":[{"@type":"SearchAction","target":{"@type":"EntryPoint","urlTemplate":"http://cpaparis.org/?s={search_term_string}"},"query-input":{"@type":"PropertyValueSpecification","valueRequired":true,"valueName":"search_term_string"}}],"inLanguage":"fr-FR"},{"@type":"Organization","@id":"http://cpaparis.org/#organization","name":"Club de Patinage Adultes de Paris","url":"http://cpaparis.org/","logo":{"@type":"ImageObject","inLanguage":"fr-FR","@id":"http://cpaparis.org/#/schema/logo/image/","url":"http://cpaparis.org/wp-content/uploads/2019/10/cpap-transparent.png","contentUrl":"http://cpaparis.org/wp-content/uploads/2019/10/cpap-transparent.png","width":99,"height":48,"caption":"Club de Patinage Adultes de Paris"},"image":{"@id":"http://cpaparis.org/#/schema/logo/image/"}}]}</script>
<!-- / Yoast SEO plugin. -->

Fête des 85 ans du CPAP - Club de Patinage Adultes de Paris

En 2022, le club fête ses 85 ans. Fidèle à ses valeurs de convivialité et d&rsquo;humour, nous avons organisé une soirée costumée, sur le thème de « Voyage dans le temps ». La soirée sur glace a été suivie par un repas dans Lire plus ...

Labellisé école de glace par la Fédération Française des Sports de Glace
