{"id":1682,"date":"2024-09-24T11:28:26","date_gmt":"2024-09-24T09:28:26","guid":{"rendered":"http:\/\/cpaparis.org\/?page_id=1682"},"modified":"2026-04-22T17:32:34","modified_gmt":"2026-04-22T15:32:34","slug":"comite-du-cpap","status":"publish","type":"page","link":"http:\/\/cpaparis.org\/?page_id=1682","title":{"rendered":"Comit\u00e9 du CPAP"},"content":{"rendered":"\n\n\n<p>L&rsquo;assembl\u00e9e g\u00e9n\u00e9rale du 12 septembre 2024 a renouvel\u00e9 le comit\u00e9 pour la saison 2024-2025. Les membres du comit\u00e9 sont disponibles lors des s\u00e9ances pour r\u00e9pondre \u00e0 vos questions et recevoir vos suggestions.<br \/>Le comit\u00e9 est compos\u00e9 de 9 membres \u00e9lus pour 4 ans. Chaque membre est plus particuli\u00e8rement charg\u00e9 d&rsquo;un tache dans le fonctionnement du club. Voir la suite pour voir les membres du comit\u00e9.<br \/>.<\/p>\n\n\n\n<figure class=\"wp-block-gallery has-nested-images columns-default is-cropped wp-block-gallery-1 is-layout-flex wp-block-gallery-is-layout-flex\">\n<figure class=\"wp-block-image size-large\"><img loading=\"lazy\" decoding=\"async\" width=\"241\" height=\"271\" data-id=\"1681\" src=\"http:\/\/cpaparis.org\/wp-content\/uploads\/2024\/09\/mx4jLtJdWGdM.jpg\" alt=\"\" class=\"wp-image-1681\"\/><figcaption class=\"wp-element-caption\">Isabelle Pringalle<\/figcaption><\/figure>\n\n\n\n<figure class=\"wp-block-image size-large\"><img loading=\"lazy\" decoding=\"async\" width=\"240\" height=\"320\" data-id=\"1680\" src=\"http:\/\/cpaparis.org\/wp-content\/uploads\/2024\/09\/dmct2k82EEdC.png\" alt=\"\" class=\"wp-image-1680\" srcset=\"http:\/\/cpaparis.org\/wp-content\/uploads\/2024\/09\/dmct2k82EEdC.png 240w, http:\/\/cpaparis.org\/wp-content\/uploads\/2024\/09\/dmct2k82EEdC-225x300.png 225w\" sizes=\"auto, (max-width: 240px) 100vw, 240px\" \/><figcaption class=\"wp-element-caption\">Antoine Temime<\/figcaption><\/figure>\n\n\n\n<figure class=\"wp-block-image size-large\"><img loading=\"lazy\" decoding=\"async\" width=\"683\" height=\"1024\" data-id=\"1679\" src=\"http:\/\/cpaparis.org\/wp-content\/uploads\/2024\/09\/pe3BHwY1NPed-683x1024.jpg\" alt=\"\" class=\"wp-image-1679\" srcset=\"http:\/\/cpaparis.org\/wp-content\/uploads\/2024\/09\/pe3BHwY1NPed-683x1024.jpg 683w, http:\/\/cpaparis.org\/wp-content\/uploads\/2024\/09\/pe3BHwY1NPed-200x300.jpg 200w, http:\/\/cpaparis.org\/wp-content\/uploads\/2024\/09\/pe3BHwY1NPed-768x1151.jpg 768w, http:\/\/cpaparis.org\/wp-content\/uploads\/2024\/09\/pe3BHwY1NPed-1025x1536.jpg 1025w, http:\/\/cpaparis.org\/wp-content\/uploads\/2024\/09\/pe3BHwY1NPed.jpg 1281w\" sizes=\"auto, (max-width: 683px) 100vw, 683px\" \/><figcaption class=\"wp-element-caption\">Cl\u00e9ment Passot<\/figcaption><\/figure>\n\n\n\n<figure class=\"wp-block-image size-large\"><img loading=\"lazy\" decoding=\"async\" width=\"768\" height=\"1024\" data-id=\"1678\" src=\"http:\/\/cpaparis.org\/wp-content\/uploads\/2024\/09\/xbJ_ob0XwgQf-768x1024.jpg\" alt=\"\" class=\"wp-image-1678\" srcset=\"http:\/\/cpaparis.org\/wp-content\/uploads\/2024\/09\/xbJ_ob0XwgQf-768x1024.jpg 768w, http:\/\/cpaparis.org\/wp-content\/uploads\/2024\/09\/xbJ_ob0XwgQf-225x300.jpg 225w, http:\/\/cpaparis.org\/wp-content\/uploads\/2024\/09\/xbJ_ob0XwgQf-1152x1536.jpg 1152w, http:\/\/cpaparis.org\/wp-content\/uploads\/2024\/09\/xbJ_ob0XwgQf-1536x2048.jpg 1536w, http:\/\/cpaparis.org\/wp-content\/uploads\/2024\/09\/xbJ_ob0XwgQf-scaled.jpg 1920w\" sizes=\"auto, (max-width: 768px) 100vw, 768px\" \/><figcaption class=\"wp-element-caption\">Nathalie Rivi\u00e8re<\/figcaption><\/figure>\n\n\n\n<figure class=\"wp-block-image size-large\"><img loading=\"lazy\" decoding=\"async\" width=\"600\" height=\"800\" data-id=\"1677\" src=\"http:\/\/cpaparis.org\/wp-content\/uploads\/2024\/09\/JkTU8rNb6M7Y.png\" alt=\"\" class=\"wp-image-1677\" srcset=\"http:\/\/cpaparis.org\/wp-content\/uploads\/2024\/09\/JkTU8rNb6M7Y.png 600w, http:\/\/cpaparis.org\/wp-content\/uploads\/2024\/09\/JkTU8rNb6M7Y-225x300.png 225w\" sizes=\"auto, (max-width: 600px) 100vw, 600px\" \/><figcaption class=\"wp-element-caption\">Johanna Ulrich<\/figcaption><\/figure>\n\n\n\n<figure class=\"wp-block-image size-large\"><img loading=\"lazy\" decoding=\"async\" width=\"176\" height=\"107\" data-id=\"1676\" src=\"http:\/\/cpaparis.org\/wp-content\/uploads\/2024\/09\/r-xwri3qAev1.jpg\" alt=\"\" class=\"wp-image-1676\"\/><figcaption class=\"wp-element-caption\">Benjamin No\u00ebl<\/figcaption><\/figure>\n\n\n\n<figure class=\"wp-block-image size-large\"><img loading=\"lazy\" decoding=\"async\" width=\"719\" height=\"1024\" data-id=\"1707\" src=\"http:\/\/cpaparis.org\/wp-content\/uploads\/2024\/09\/Kheliane-719x1024.png\" alt=\"\" class=\"wp-image-1707\" srcset=\"http:\/\/cpaparis.org\/wp-content\/uploads\/2024\/09\/Kheliane-719x1024.png 719w, http:\/\/cpaparis.org\/wp-content\/uploads\/2024\/09\/Kheliane-211x300.png 211w, http:\/\/cpaparis.org\/wp-content\/uploads\/2024\/09\/Kheliane-768x1094.png 768w, http:\/\/cpaparis.org\/wp-content\/uploads\/2024\/09\/Kheliane.png 1071w\" sizes=\"auto, (max-width: 719px) 100vw, 719px\" \/><figcaption class=\"wp-element-caption\">Kh\u00e9liane Ubald<\/figcaption><\/figure>\n\n\n\n<figure class=\"wp-block-image size-large\"><img loading=\"lazy\" decoding=\"async\" width=\"296\" height=\"331\" data-id=\"1674\" src=\"http:\/\/cpaparis.org\/wp-content\/uploads\/2024\/09\/xETwh1HuBGYV.jpg\" alt=\"\" class=\"wp-image-1674\" srcset=\"http:\/\/cpaparis.org\/wp-content\/uploads\/2024\/09\/xETwh1HuBGYV.jpg 296w, http:\/\/cpaparis.org\/wp-content\/uploads\/2024\/09\/xETwh1HuBGYV-268x300.jpg 268w\" sizes=\"auto, (max-width: 296px) 100vw, 296px\" \/><figcaption class=\"wp-element-caption\">Xavier Babonneau<\/figcaption><\/figure>\n\n\n\n<figure class=\"wp-block-image size-large\"><img loading=\"lazy\" decoding=\"async\" width=\"176\" height=\"126\" data-id=\"1673\" src=\"http:\/\/cpaparis.org\/wp-content\/uploads\/2024\/09\/nmRzz8SLAOtR.jpg\" alt=\"\" class=\"wp-image-1673\"\/><figcaption class=\"wp-element-caption\">Maxence Tanguy<\/figcaption><\/figure>\n<\/figure>\n","protected":false},"excerpt":{"rendered":"<p>L&rsquo;assembl\u00e9e g\u00e9n\u00e9rale du 12 septembre 2024 a renouvel\u00e9 le comit\u00e9 pour la saison 2024-2025. Les membres du comit\u00e9 sont disponibles lors des s\u00e9ances pour r\u00e9pondre \u00e0 vos questions et recevoir vos suggestions.Le comit\u00e9 est compos\u00e9 de 9 membres \u00e9lus pour <a class=\"more-link\" href=\"http:\/\/cpaparis.org\/?page_id=1682\">Lire plus &#8230;<\/a><\/p>\n","protected":false},"author":3,"featured_media":1679,"parent":0,"menu_order":40,"comment_status":"closed","ping_status":"closed","template":"","meta":{"_mc_calendar":[],"footnotes":""},"folder":[],"class_list":["post-1682","page","type-page","status-publish","has-post-thumbnail","hentry"],"yoast_head":"<!-- This site is optimized with the Yoast SEO plugin v26.2 - https:\/\/yoast.com\/wordpress\/plugins\/seo\/ -->\n<title>Comit\u00e9 du CPAP - Club de Patinage Adultes de Paris<\/title>\n<meta name=\"robots\" content=\"index, follow, max-snippet:-1, max-image-preview:large, max-video-preview:-1\" \/>\n<link rel=\"canonical\" href=\"https:\/\/cpaparis.org\/?page_id=1682\" \/>\n<meta property=\"og:locale\" content=\"fr_FR\" \/>\n<meta property=\"og:type\" content=\"article\" \/>\n<meta property=\"og:title\" content=\"Comit\u00e9 du CPAP - Club de Patinage Adultes de Paris\" \/>\n<meta property=\"og:description\" content=\"L&rsquo;assembl\u00e9e g\u00e9n\u00e9rale du 12 septembre 2024 a renouvel\u00e9 le comit\u00e9 pour la saison 2024-2025. Les membres du comit\u00e9 sont disponibles lors des s\u00e9ances pour r\u00e9pondre \u00e0 vos questions et recevoir vos suggestions.Le comit\u00e9 est compos\u00e9 de 9 membres \u00e9lus pour Lire plus ...\" \/>\n<meta property=\"og:url\" content=\"https:\/\/cpaparis.org\/?page_id=1682\" \/>\n<meta property=\"og:site_name\" content=\"Club de Patinage Adultes de Paris\" \/>\n<meta property=\"article:modified_time\" content=\"2026-04-22T15:32:34+00:00\" \/>\n<meta property=\"og:image\" content=\"https:\/\/cpaparis.org\/wp-content\/uploads\/2024\/09\/pe3BHwY1NPed.jpg\" \/>\n\t<meta property=\"og:image:width\" content=\"1281\" \/>\n\t<meta property=\"og:image:height\" content=\"1920\" \/>\n\t<meta property=\"og:image:type\" content=\"image\/jpeg\" \/>\n<meta name=\"twitter:card\" content=\"summary_large_image\" \/>\n<meta name=\"twitter:label1\" content=\"Dur\u00e9e de lecture estim\u00e9e\" \/>\n\t<meta name=\"twitter:data1\" content=\"3 minutes\" \/>\n<script type=\"application\/ld+json\" class=\"yoast-schema-graph\">{\"@context\":\"https:\/\/schema.org\",\"@graph\":[{\"@type\":\"WebPage\",\"@id\":\"https:\/\/cpaparis.org\/?page_id=1682\",\"url\":\"https:\/\/cpaparis.org\/?page_id=1682\",\"name\":\"Comit\u00e9 du CPAP - Club de Patinage Adultes de Paris\",\"isPartOf\":{\"@id\":\"http:\/\/cpaparis.org\/#website\"},\"primaryImageOfPage\":{\"@id\":\"https:\/\/cpaparis.org\/?page_id=1682#primaryimage\"},\"image\":{\"@id\":\"https:\/\/cpaparis.org\/?page_id=1682#primaryimage\"},\"thumbnailUrl\":\"http:\/\/cpaparis.org\/wp-content\/uploads\/2024\/09\/pe3BHwY1NPed.jpg\",\"datePublished\":\"2024-09-24T09:28:26+00:00\",\"dateModified\":\"2026-04-22T15:32:34+00:00\",\"breadcrumb\":{\"@id\":\"https:\/\/cpaparis.org\/?page_id=1682#breadcrumb\"},\"inLanguage\":\"fr-FR\",\"potentialAction\":[{\"@type\":\"ReadAction\",\"target\":[\"https:\/\/cpaparis.org\/?page_id=1682\"]}]},{\"@type\":\"ImageObject\",\"inLanguage\":\"fr-FR\",\"@id\":\"https:\/\/cpaparis.org\/?page_id=1682#primaryimage\",\"url\":\"http:\/\/cpaparis.org\/wp-content\/uploads\/2024\/09\/pe3BHwY1NPed.jpg\",\"contentUrl\":\"http:\/\/cpaparis.org\/wp-content\/uploads\/2024\/09\/pe3BHwY1NPed.jpg\",\"width\":1281,\"height\":1920,\"caption\":\"Cl\u00e9ment Passot\"},{\"@type\":\"BreadcrumbList\",\"@id\":\"https:\/\/cpaparis.org\/?page_id=1682#breadcrumb\",\"itemListElement\":[{\"@type\":\"ListItem\",\"position\":1,\"name\":\"Accueil\",\"item\":\"http:\/\/cpaparis.org\/\"},{\"@type\":\"ListItem\",\"position\":2,\"name\":\"Comit\u00e9 du CPAP\"}]},{\"@type\":\"WebSite\",\"@id\":\"http:\/\/cpaparis.org\/#website\",\"url\":\"http:\/\/cpaparis.org\/\",\"name\":\"Club de Patinage Adultes de Paris\",\"description\":\"Labellis\u00e9 \u00e9cole de glace par la F\u00e9d\u00e9ration Fran\u00e7aise des Sports de Glace\",\"publisher\":{\"@id\":\"http:\/\/cpaparis.org\/#organization\"},\"potentialAction\":[{\"@type\":\"SearchAction\",\"target\":{\"@type\":\"EntryPoint\",\"urlTemplate\":\"http:\/\/cpaparis.org\/?s={search_term_string}\"},\"query-input\":{\"@type\":\"PropertyValueSpecification\",\"valueRequired\":true,\"valueName\":\"search_term_string\"}}],\"inLanguage\":\"fr-FR\"},{\"@type\":\"Organization\",\"@id\":\"http:\/\/cpaparis.org\/#organization\",\"name\":\"Club de Patinage Adultes de Paris\",\"url\":\"http:\/\/cpaparis.org\/\",\"logo\":{\"@type\":\"ImageObject\",\"inLanguage\":\"fr-FR\",\"@id\":\"http:\/\/cpaparis.org\/#\/schema\/logo\/image\/\",\"url\":\"http:\/\/cpaparis.org\/wp-content\/uploads\/2019\/10\/cpap-transparent.png\",\"contentUrl\":\"http:\/\/cpaparis.org\/wp-content\/uploads\/2019\/10\/cpap-transparent.png\",\"width\":99,\"height\":48,\"caption\":\"Club de Patinage Adultes de Paris\"},\"image\":{\"@id\":\"http:\/\/cpaparis.org\/#\/schema\/logo\/image\/\"}}]}<\/script>\n<!-- \/ Yoast SEO plugin. -->","yoast_head_json":{"title":"Comit\u00e9 du CPAP - Club de Patinage Adultes de Paris","robots":{"index":"index","follow":"follow","max-snippet":"max-snippet:-1","max-image-preview":"max-image-preview:large","max-video-preview":"max-video-preview:-1"},"canonical":"https:\/\/cpaparis.org\/?page_id=1682","og_locale":"fr_FR","og_type":"article","og_title":"Comit\u00e9 du CPAP - Club de Patinage Adultes de Paris","og_description":"L&rsquo;assembl\u00e9e g\u00e9n\u00e9rale du 12 septembre 2024 a renouvel\u00e9 le comit\u00e9 pour la saison 2024-2025. Les membres du comit\u00e9 sont disponibles lors des s\u00e9ances pour r\u00e9pondre \u00e0 vos questions et recevoir vos suggestions.Le comit\u00e9 est compos\u00e9 de 9 membres \u00e9lus pour Lire plus ...","og_url":"https:\/\/cpaparis.org\/?page_id=1682","og_site_name":"Club de Patinage Adultes de Paris","article_modified_time":"2026-04-22T15:32:34+00:00","og_image":[{"width":1281,"height":1920,"url":"https:\/\/cpaparis.org\/wp-content\/uploads\/2024\/09\/pe3BHwY1NPed.jpg","type":"image\/jpeg"}],"twitter_card":"summary_large_image","twitter_misc":{"Dur\u00e9e de lecture estim\u00e9e":"3 minutes"},"schema":{"@context":"https:\/\/schema.org","@graph":[{"@type":"WebPage","@id":"https:\/\/cpaparis.org\/?page_id=1682","url":"https:\/\/cpaparis.org\/?page_id=1682","name":"Comit\u00e9 du CPAP - Club de Patinage Adultes de Paris","isPartOf":{"@id":"http:\/\/cpaparis.org\/#website"},"primaryImageOfPage":{"@id":"https:\/\/cpaparis.org\/?page_id=1682#primaryimage"},"image":{"@id":"https:\/\/cpaparis.org\/?page_id=1682#primaryimage"},"thumbnailUrl":"http:\/\/cpaparis.org\/wp-content\/uploads\/2024\/09\/pe3BHwY1NPed.jpg","datePublished":"2024-09-24T09:28:26+00:00","dateModified":"2026-04-22T15:32:34+00:00","breadcrumb":{"@id":"https:\/\/cpaparis.org\/?page_id=1682#breadcrumb"},"inLanguage":"fr-FR","potentialAction":[{"@type":"ReadAction","target":["https:\/\/cpaparis.org\/?page_id=1682"]}]},{"@type":"ImageObject","inLanguage":"fr-FR","@id":"https:\/\/cpaparis.org\/?page_id=1682#primaryimage","url":"http:\/\/cpaparis.org\/wp-content\/uploads\/2024\/09\/pe3BHwY1NPed.jpg","contentUrl":"http:\/\/cpaparis.org\/wp-content\/uploads\/2024\/09\/pe3BHwY1NPed.jpg","width":1281,"height":1920,"caption":"Cl\u00e9ment Passot"},{"@type":"BreadcrumbList","@id":"https:\/\/cpaparis.org\/?page_id=1682#breadcrumb","itemListElement":[{"@type":"ListItem","position":1,"name":"Accueil","item":"http:\/\/cpaparis.org\/"},{"@type":"ListItem","position":2,"name":"Comit\u00e9 du CPAP"}]},{"@type":"WebSite","@id":"http:\/\/cpaparis.org\/#website","url":"http:\/\/cpaparis.org\/","name":"Club de Patinage Adultes de Paris","description":"Labellis\u00e9 \u00e9cole de glace par la F\u00e9d\u00e9ration Fran\u00e7aise des Sports de Glace","publisher":{"@id":"http:\/\/cpaparis.org\/#organization"},"potentialAction":[{"@type":"SearchAction","target":{"@type":"EntryPoint","urlTemplate":"http:\/\/cpaparis.org\/?s={search_term_string}"},"query-input":{"@type":"PropertyValueSpecification","valueRequired":true,"valueName":"search_term_string"}}],"inLanguage":"fr-FR"},{"@type":"Organization","@id":"http:\/\/cpaparis.org\/#organization","name":"Club de Patinage Adultes de Paris","url":"http:\/\/cpaparis.org\/","logo":{"@type":"ImageObject","inLanguage":"fr-FR","@id":"http:\/\/cpaparis.org\/#\/schema\/logo\/image\/","url":"http:\/\/cpaparis.org\/wp-content\/uploads\/2019\/10\/cpap-transparent.png","contentUrl":"http:\/\/cpaparis.org\/wp-content\/uploads\/2019\/10\/cpap-transparent.png","width":99,"height":48,"caption":"Club de Patinage Adultes de Paris"},"image":{"@id":"http:\/\/cpaparis.org\/#\/schema\/logo\/image\/"}}]}},"_links":{"self":[{"href":"http:\/\/cpaparis.org\/index.php?rest_route=\/wp\/v2\/pages\/1682","targetHints":{"allow":["GET"]}}],"collection":[{"href":"http:\/\/cpaparis.org\/index.php?rest_route=\/wp\/v2\/pages"}],"about":[{"href":"http:\/\/cpaparis.org\/index.php?rest_route=\/wp\/v2\/types\/page"}],"author":[{"embeddable":true,"href":"http:\/\/cpaparis.org\/index.php?rest_route=\/wp\/v2\/users\/3"}],"replies":[{"embeddable":true,"href":"http:\/\/cpaparis.org\/index.php?rest_route=%2Fwp%2Fv2%2Fcomments&post=1682"}],"version-history":[{"count":7,"href":"http:\/\/cpaparis.org\/index.php?rest_route=\/wp\/v2\/pages\/1682\/revisions"}],"predecessor-version":[{"id":1940,"href":"http:\/\/cpaparis.org\/index.php?rest_route=\/wp\/v2\/pages\/1682\/revisions\/1940"}],"wp:featuredmedia":[{"embeddable":true,"href":"http:\/\/cpaparis.org\/index.php?rest_route=\/wp\/v2\/media\/1679"}],"wp:attachment":[{"href":"http:\/\/cpaparis.org\/index.php?rest_route=%2Fwp%2Fv2%2Fmedia&parent=1682"}],"wp:term":[{"taxonomy":"folder","embeddable":true,"href":"http:\/\/cpaparis.org\/index.php?rest_route=%2Fwp%2Fv2%2Ffolder&post=1682"}],"curies":[{"name":"wp","href":"https:\/\/api.w.org\/{rel}","templated":true}]}}