{"id":1795,"date":"2024-11-05T17:53:46","date_gmt":"2024-11-05T16:53:46","guid":{"rendered":"http:\/\/cpaparis.org\/?page_id=1795"},"modified":"2026-04-22T17:32:32","modified_gmt":"2026-04-22T15:32:32","slug":"stage-a-tromso","status":"publish","type":"page","link":"http:\/\/cpaparis.org\/?page_id=1795","title":{"rendered":"Retour sur le stage \u00e0 TROMS\u00d8 en Norv\u00e8ge"},"content":{"rendered":"\n<figure class=\"wp-block-image size-full\"><img loading=\"lazy\" decoding=\"async\" width=\"905\" height=\"550\" src=\"http:\/\/cpaparis.org\/wp-content\/uploads\/2024\/11\/Tromso-1.png\" alt=\"Norv\u00e8ge Tromso\" class=\"wp-image-1797\" srcset=\"http:\/\/cpaparis.org\/wp-content\/uploads\/2024\/11\/Tromso-1.png 905w, http:\/\/cpaparis.org\/wp-content\/uploads\/2024\/11\/Tromso-1-300x182.png 300w, http:\/\/cpaparis.org\/wp-content\/uploads\/2024\/11\/Tromso-1-768x467.png 768w\" sizes=\"auto, (max-width: 905px) 100vw, 905px\" \/><\/figure>\n\n\n\n<h5>Et pourquoi pas aller patiner dans le grand Nord?<\/h5>\n<h5><br \/>Ne reculant devant aucun d\u00e9fi, le CPAP a propos\u00e9 un stage de danse sur glace \u00e0 TROMS\u00d8 du 16 au 23 mars 2025.<\/h5>\n<h5><br \/>Plusieurs stages avaient d\u00e9j\u00e0 \u00e9t\u00e9 organis\u00e9s dans des villes de pays \u00e9loign\u00e9s. Entre autres New-York, Duba\u00ef, Singapour.<br \/>Une occasion de pratiquer du sport, agr\u00e9ment\u00e9e de d\u00e9couvertes et de tourisme.<\/h5>\n<h5><br \/>Cette fois-ci ce fut l&rsquo;occasion de d\u00e9couvrir cette charmante ville de TROMS\u00d8 et la Laponie norv\u00e9gienne. Tous les participants ont \u00e9t\u00e9 ravis de leur s\u00e9jour.<\/h5>\n\n\n\n<h5 class=\"wp-block-heading\"><\/h5>\n\n\n","protected":false},"excerpt":{"rendered":"<p>Et pourquoi pas aller patiner dans le grand Nord? Ne reculant devant aucun d\u00e9fi, le CPAP a propos\u00e9 un stage de danse sur glace \u00e0 TROMS\u00d8 du 16 au 23 mars 2025. Plusieurs stages avaient d\u00e9j\u00e0 \u00e9t\u00e9 organis\u00e9s dans des <a class=\"more-link\" href=\"http:\/\/cpaparis.org\/?page_id=1795\">Lire plus &#8230;<\/a><\/p>\n","protected":false},"author":3,"featured_media":0,"parent":0,"menu_order":18,"comment_status":"closed","ping_status":"closed","template":"","meta":{"_mc_calendar":[],"footnotes":""},"folder":[],"class_list":["post-1795","page","type-page","status-publish","hentry"],"yoast_head":"<!-- This site is optimized with the Yoast SEO plugin v26.2 - https:\/\/yoast.com\/wordpress\/plugins\/seo\/ -->\n<title>Retour sur le stage \u00e0 TROMS\u00d8 en Norv\u00e8ge - Club de Patinage Adultes de Paris<\/title>\n<meta name=\"robots\" content=\"index, follow, max-snippet:-1, max-image-preview:large, max-video-preview:-1\" \/>\n<link rel=\"canonical\" href=\"https:\/\/cpaparis.org\/?page_id=1795\" \/>\n<meta property=\"og:locale\" content=\"fr_FR\" \/>\n<meta property=\"og:type\" content=\"article\" \/>\n<meta property=\"og:title\" content=\"Retour sur le stage \u00e0 TROMS\u00d8 en Norv\u00e8ge - Club de Patinage Adultes de Paris\" \/>\n<meta property=\"og:description\" content=\"Et pourquoi pas aller patiner dans le grand Nord? Ne reculant devant aucun d\u00e9fi, le CPAP a propos\u00e9 un stage de danse sur glace \u00e0 TROMS\u00d8 du 16 au 23 mars 2025. Plusieurs stages avaient d\u00e9j\u00e0 \u00e9t\u00e9 organis\u00e9s dans des Lire plus ...\" \/>\n<meta property=\"og:url\" content=\"https:\/\/cpaparis.org\/?page_id=1795\" \/>\n<meta property=\"og:site_name\" content=\"Club de Patinage Adultes de Paris\" \/>\n<meta property=\"article:modified_time\" content=\"2026-04-22T15:32:32+00:00\" \/>\n<meta property=\"og:image\" content=\"http:\/\/cpaparis.org\/wp-content\/uploads\/2024\/11\/Tromso-1.png\" \/>\n<meta name=\"twitter:card\" content=\"summary_large_image\" \/>\n<meta name=\"twitter:label1\" content=\"Dur\u00e9e de lecture estim\u00e9e\" \/>\n\t<meta name=\"twitter:data1\" content=\"1 minute\" \/>\n<script type=\"application\/ld+json\" class=\"yoast-schema-graph\">{\"@context\":\"https:\/\/schema.org\",\"@graph\":[{\"@type\":\"WebPage\",\"@id\":\"https:\/\/cpaparis.org\/?page_id=1795\",\"url\":\"https:\/\/cpaparis.org\/?page_id=1795\",\"name\":\"Retour sur le stage \u00e0 TROMS\u00d8 en Norv\u00e8ge - Club de Patinage Adultes de Paris\",\"isPartOf\":{\"@id\":\"https:\/\/cpaparis.org\/#website\"},\"primaryImageOfPage\":{\"@id\":\"https:\/\/cpaparis.org\/?page_id=1795#primaryimage\"},\"image\":{\"@id\":\"https:\/\/cpaparis.org\/?page_id=1795#primaryimage\"},\"thumbnailUrl\":\"http:\/\/cpaparis.org\/wp-content\/uploads\/2024\/11\/Tromso-1.png\",\"datePublished\":\"2024-11-05T16:53:46+00:00\",\"dateModified\":\"2026-04-22T15:32:32+00:00\",\"breadcrumb\":{\"@id\":\"https:\/\/cpaparis.org\/?page_id=1795#breadcrumb\"},\"inLanguage\":\"fr-FR\",\"potentialAction\":[{\"@type\":\"ReadAction\",\"target\":[\"https:\/\/cpaparis.org\/?page_id=1795\"]}]},{\"@type\":\"ImageObject\",\"inLanguage\":\"fr-FR\",\"@id\":\"https:\/\/cpaparis.org\/?page_id=1795#primaryimage\",\"url\":\"http:\/\/cpaparis.org\/wp-content\/uploads\/2024\/11\/Tromso-1.png\",\"contentUrl\":\"http:\/\/cpaparis.org\/wp-content\/uploads\/2024\/11\/Tromso-1.png\",\"width\":905,\"height\":550,\"caption\":\"Norv\u00e8ge Tromso\"},{\"@type\":\"BreadcrumbList\",\"@id\":\"https:\/\/cpaparis.org\/?page_id=1795#breadcrumb\",\"itemListElement\":[{\"@type\":\"ListItem\",\"position\":1,\"name\":\"Accueil\",\"item\":\"https:\/\/cpaparis.org\/\"},{\"@type\":\"ListItem\",\"position\":2,\"name\":\"Retour sur le stage \u00e0 TROMS\u00d8 en Norv\u00e8ge\"}]},{\"@type\":\"WebSite\",\"@id\":\"https:\/\/cpaparis.org\/#website\",\"url\":\"https:\/\/cpaparis.org\/\",\"name\":\"Club de Patinage Adultes de Paris\",\"description\":\"Labellis\u00e9 \u00e9cole de glace par la F\u00e9d\u00e9ration Fran\u00e7aise des Sports de Glace\",\"publisher\":{\"@id\":\"https:\/\/cpaparis.org\/#organization\"},\"potentialAction\":[{\"@type\":\"SearchAction\",\"target\":{\"@type\":\"EntryPoint\",\"urlTemplate\":\"https:\/\/cpaparis.org\/?s={search_term_string}\"},\"query-input\":{\"@type\":\"PropertyValueSpecification\",\"valueRequired\":true,\"valueName\":\"search_term_string\"}}],\"inLanguage\":\"fr-FR\"},{\"@type\":\"Organization\",\"@id\":\"https:\/\/cpaparis.org\/#organization\",\"name\":\"Club de Patinage Adultes de Paris\",\"url\":\"https:\/\/cpaparis.org\/\",\"logo\":{\"@type\":\"ImageObject\",\"inLanguage\":\"fr-FR\",\"@id\":\"https:\/\/cpaparis.org\/#\/schema\/logo\/image\/\",\"url\":\"http:\/\/cpaparis.org\/wp-content\/uploads\/2019\/10\/cpap-transparent.png\",\"contentUrl\":\"http:\/\/cpaparis.org\/wp-content\/uploads\/2019\/10\/cpap-transparent.png\",\"width\":99,\"height\":48,\"caption\":\"Club de Patinage Adultes de Paris\"},\"image\":{\"@id\":\"https:\/\/cpaparis.org\/#\/schema\/logo\/image\/\"}}]}<\/script>\n<!-- \/ Yoast SEO plugin. -->","yoast_head_json":{"title":"Retour sur le stage \u00e0 TROMS\u00d8 en Norv\u00e8ge - Club de Patinage Adultes de Paris","robots":{"index":"index","follow":"follow","max-snippet":"max-snippet:-1","max-image-preview":"max-image-preview:large","max-video-preview":"max-video-preview:-1"},"canonical":"https:\/\/cpaparis.org\/?page_id=1795","og_locale":"fr_FR","og_type":"article","og_title":"Retour sur le stage \u00e0 TROMS\u00d8 en Norv\u00e8ge - Club de Patinage Adultes de Paris","og_description":"Et pourquoi pas aller patiner dans le grand Nord? Ne reculant devant aucun d\u00e9fi, le CPAP a propos\u00e9 un stage de danse sur glace \u00e0 TROMS\u00d8 du 16 au 23 mars 2025. Plusieurs stages avaient d\u00e9j\u00e0 \u00e9t\u00e9 organis\u00e9s dans des Lire plus ...","og_url":"https:\/\/cpaparis.org\/?page_id=1795","og_site_name":"Club de Patinage Adultes de Paris","article_modified_time":"2026-04-22T15:32:32+00:00","og_image":[{"url":"http:\/\/cpaparis.org\/wp-content\/uploads\/2024\/11\/Tromso-1.png","type":"","width":"","height":""}],"twitter_card":"summary_large_image","twitter_misc":{"Dur\u00e9e de lecture estim\u00e9e":"1 minute"},"schema":{"@context":"https:\/\/schema.org","@graph":[{"@type":"WebPage","@id":"https:\/\/cpaparis.org\/?page_id=1795","url":"https:\/\/cpaparis.org\/?page_id=1795","name":"Retour sur le stage \u00e0 TROMS\u00d8 en Norv\u00e8ge - Club de Patinage Adultes de Paris","isPartOf":{"@id":"https:\/\/cpaparis.org\/#website"},"primaryImageOfPage":{"@id":"https:\/\/cpaparis.org\/?page_id=1795#primaryimage"},"image":{"@id":"https:\/\/cpaparis.org\/?page_id=1795#primaryimage"},"thumbnailUrl":"http:\/\/cpaparis.org\/wp-content\/uploads\/2024\/11\/Tromso-1.png","datePublished":"2024-11-05T16:53:46+00:00","dateModified":"2026-04-22T15:32:32+00:00","breadcrumb":{"@id":"https:\/\/cpaparis.org\/?page_id=1795#breadcrumb"},"inLanguage":"fr-FR","potentialAction":[{"@type":"ReadAction","target":["https:\/\/cpaparis.org\/?page_id=1795"]}]},{"@type":"ImageObject","inLanguage":"fr-FR","@id":"https:\/\/cpaparis.org\/?page_id=1795#primaryimage","url":"http:\/\/cpaparis.org\/wp-content\/uploads\/2024\/11\/Tromso-1.png","contentUrl":"http:\/\/cpaparis.org\/wp-content\/uploads\/2024\/11\/Tromso-1.png","width":905,"height":550,"caption":"Norv\u00e8ge Tromso"},{"@type":"BreadcrumbList","@id":"https:\/\/cpaparis.org\/?page_id=1795#breadcrumb","itemListElement":[{"@type":"ListItem","position":1,"name":"Accueil","item":"https:\/\/cpaparis.org\/"},{"@type":"ListItem","position":2,"name":"Retour sur le stage \u00e0 TROMS\u00d8 en Norv\u00e8ge"}]},{"@type":"WebSite","@id":"https:\/\/cpaparis.org\/#website","url":"https:\/\/cpaparis.org\/","name":"Club de Patinage Adultes de Paris","description":"Labellis\u00e9 \u00e9cole de glace par la F\u00e9d\u00e9ration Fran\u00e7aise des Sports de Glace","publisher":{"@id":"https:\/\/cpaparis.org\/#organization"},"potentialAction":[{"@type":"SearchAction","target":{"@type":"EntryPoint","urlTemplate":"https:\/\/cpaparis.org\/?s={search_term_string}"},"query-input":{"@type":"PropertyValueSpecification","valueRequired":true,"valueName":"search_term_string"}}],"inLanguage":"fr-FR"},{"@type":"Organization","@id":"https:\/\/cpaparis.org\/#organization","name":"Club de Patinage Adultes de Paris","url":"https:\/\/cpaparis.org\/","logo":{"@type":"ImageObject","inLanguage":"fr-FR","@id":"https:\/\/cpaparis.org\/#\/schema\/logo\/image\/","url":"http:\/\/cpaparis.org\/wp-content\/uploads\/2019\/10\/cpap-transparent.png","contentUrl":"http:\/\/cpaparis.org\/wp-content\/uploads\/2019\/10\/cpap-transparent.png","width":99,"height":48,"caption":"Club de Patinage Adultes de Paris"},"image":{"@id":"https:\/\/cpaparis.org\/#\/schema\/logo\/image\/"}}]}},"_links":{"self":[{"href":"http:\/\/cpaparis.org\/index.php?rest_route=\/wp\/v2\/pages\/1795","targetHints":{"allow":["GET"]}}],"collection":[{"href":"http:\/\/cpaparis.org\/index.php?rest_route=\/wp\/v2\/pages"}],"about":[{"href":"http:\/\/cpaparis.org\/index.php?rest_route=\/wp\/v2\/types\/page"}],"author":[{"embeddable":true,"href":"http:\/\/cpaparis.org\/index.php?rest_route=\/wp\/v2\/users\/3"}],"replies":[{"embeddable":true,"href":"http:\/\/cpaparis.org\/index.php?rest_route=%2Fwp%2Fv2%2Fcomments&post=1795"}],"version-history":[{"count":7,"href":"http:\/\/cpaparis.org\/index.php?rest_route=\/wp\/v2\/pages\/1795\/revisions"}],"predecessor-version":[{"id":1946,"href":"http:\/\/cpaparis.org\/index.php?rest_route=\/wp\/v2\/pages\/1795\/revisions\/1946"}],"wp:attachment":[{"href":"http:\/\/cpaparis.org\/index.php?rest_route=%2Fwp%2Fv2%2Fmedia&parent=1795"}],"wp:term":[{"taxonomy":"folder","embeddable":true,"href":"http:\/\/cpaparis.org\/index.php?rest_route=%2Fwp%2Fv2%2Ffolder&post=1795"}],"curies":[{"name":"wp","href":"https:\/\/api.w.org\/{rel}","templated":true}]}}