{"id":426,"date":"2018-10-22T12:07:58","date_gmt":"2018-10-22T10:07:58","guid":{"rendered":"http:\/\/cpaparis.org\/?page_id=426"},"modified":"2025-10-27T16:39:50","modified_gmt":"2025-10-27T15:39:50","slug":"planning-danses-2018-2019","status":"publish","type":"page","link":"http:\/\/cpaparis.org\/?page_id=426","title":{"rendered":"Planning Danses 2023-2024"},"content":{"rendered":"<p>Vous trouverez ci dessous le planning des danses qui seront \u00e9tudi\u00e9es pendant les s\u00e9ances du dimanche soir \u00e0 la patinoire d&rsquo; Asni\u00e8res sur Seine.<br \/>\nLes cours se d\u00e9roulent de la fa\u00e7on suivante. Une premi\u00e8re partie est consacr\u00e9e aux exercices techniques relatifs \u00e0 la danse du mois et la 2<sup>\u00e8me<\/sup> partie \u00e0 la danse elle-m\u00eame.<br \/>\nLes danses retenues de Septembre \u00e0 juin sont d&rsquo;une fa\u00e7on privil\u00e9gi\u00e9e celles qui ont \u00e9t\u00e9 retenues\u00a0 pour les comp\u00e9titions adultes de la saison 2022-2023 par l&rsquo;ISU et la CSN Danse.<br \/>\nVous pouvez trouver les sch\u00e9mas et explications des pas des danses sur le site le Commission Sportive Nationale de Danse sur glace (CSNDG) <a href=\"http:\/\/www.csndg.org\" target=\"_blank\" rel=\"noopener noreferrer\">http:\/\/www.csndg.org<\/a> onglet r\u00e8glement int\u00e9rieur.<\/p>\n<table style=\"width: 93.4091%; border-collapse: collapse; border-color: #1dcc7d; height: 239px;\" border=\"1\">\n<tbody>\n<tr style=\"height: 22px;\">\n<td style=\"width: 133px; height: 22px;\"><\/td>\n<td style=\"width: 123px; text-align: center; height: 22px;\">D\u00e9butants<\/td>\n<td style=\"width: 134px; text-align: center; height: 22px;\">Confirm\u00e9s<\/td>\n<\/tr>\n<tr style=\"height: 19px;\">\n<td style=\"width: 133px; height: 19px;\">SEPTEMBRE<\/td>\n<td style=\"width: 123px; height: 19px;\">Mineure<\/td>\n<td style=\"width: 134px; height: 19px;\">Hickory<\/td>\n<\/tr>\n<tr style=\"height: 22px;\">\n<td style=\"width: 133px; height: 22px;\">OCTOBRE<\/td>\n<td style=\"width: 123px; height: 22px;\">Rythm Blues<\/td>\n<td style=\"width: 134px; height: 22px;\">\u00a0Valse Europ\u00e9enne<\/td>\n<\/tr>\n<tr style=\"height: 22px;\">\n<td style=\"width: 133px; height: 22px;\">NOVEMBRE<\/td>\n<td style=\"width: 123px; height: 22px;\">Tango Canasta<\/td>\n<td style=\"width: 134px; height: 22px;\">Paso Doble<\/td>\n<\/tr>\n<tr style=\"height: 22px;\">\n<td style=\"width: 133px; height: 22px;\">DECEMBRE<\/td>\n<td style=\"width: 123px; height: 22px;\">Swing Danse<\/td>\n<td style=\"width: 134px; height: 22px;\">Tango Harris<\/td>\n<\/tr>\n<tr style=\"height: 22px;\">\n<td style=\"width: 133px; height: 22px;\">JANVIER<\/td>\n<td style=\"width: 123px; height: 22px;\">Valse Hollandaise<\/td>\n<td style=\"width: 134px; height: 22px;\">Valse Am\u00e9ricaine<\/td>\n<\/tr>\n<tr style=\"height: 22px;\">\n<td style=\"width: 133px; height: 22px;\">FEVRIER<\/td>\n<td style=\"width: 123px; height: 22px;\">Majeure<\/td>\n<td style=\"width: 134px; height: 22px;\">Blues<\/td>\n<\/tr>\n<tr style=\"height: 22px;\">\n<td style=\"width: 133px; height: 22px;\">MARS<\/td>\n<td style=\"width: 123px; height: 22px;\">Ten Fox<\/td>\n<td style=\"width: 134px; height: 22px;\">Valse Willow<\/td>\n<\/tr>\n<tr style=\"height: 22px;\">\n<td style=\"width: 133px; height: 22px;\">AVRIL<\/td>\n<td style=\"width: 123px; height: 22px;\">Swing Danse<\/td>\n<td style=\"width: 134px; height: 22px;\">Valse Viennoise<\/td>\n<\/tr>\n<tr style=\"height: 22px;\">\n<td style=\"width: 133px; height: 22px;\">MAI<\/td>\n<td style=\"width: 123px; height: 22px;\">Rythm Blues<\/td>\n<td style=\"width: 134px; height: 22px;\">Valse Starlight<\/td>\n<\/tr>\n<tr style=\"height: 22px;\">\n<td style=\"width: 133px; height: 22px;\">JUIN<\/td>\n<td style=\"width: 123px; height: 22px;\">Hickory<\/td>\n<td style=\"width: 134px; height: 22px;\">Tango Argentin<\/td>\n<\/tr>\n<\/tbody>\n<\/table>\n","protected":false},"excerpt":{"rendered":"<p>Vous trouverez ci dessous le planning des danses qui seront \u00e9tudi\u00e9es pendant les s\u00e9ances du dimanche soir \u00e0 la patinoire d&rsquo; Asni\u00e8res sur Seine. Les cours se d\u00e9roulent de la fa\u00e7on suivante. Une premi\u00e8re partie est consacr\u00e9e aux exercices techniques <a class=\"more-link\" href=\"http:\/\/cpaparis.org\/?page_id=426\">Lire plus &#8230;<\/a><\/p>\n","protected":false},"author":3,"featured_media":0,"parent":0,"menu_order":33,"comment_status":"closed","ping_status":"closed","template":"","meta":{"_mc_calendar":[],"footnotes":""},"folder":[],"class_list":["post-426","page","type-page","status-publish","hentry"],"yoast_head":"<!-- This site is optimized with the Yoast SEO plugin v26.2 - https:\/\/yoast.com\/wordpress\/plugins\/seo\/ -->\n<title>Planning Danses 2023-2024 - Club de Patinage Adultes de Paris<\/title>\n<meta name=\"description\" content=\"%\" \/>\n<meta name=\"robots\" content=\"index, follow, max-snippet:-1, max-image-preview:large, max-video-preview:-1\" \/>\n<link rel=\"canonical\" href=\"http:\/\/cpaparis.org\/?page_id=426\" \/>\n<meta property=\"og:locale\" content=\"fr_FR\" \/>\n<meta property=\"og:type\" content=\"article\" \/>\n<meta property=\"og:title\" content=\"Planning Danses 2023-2024 - Club de Patinage Adultes de Paris\" \/>\n<meta property=\"og:description\" content=\"%\" \/>\n<meta property=\"og:url\" content=\"http:\/\/cpaparis.org\/?page_id=426\" \/>\n<meta property=\"og:site_name\" content=\"Club de Patinage Adultes de Paris\" \/>\n<meta property=\"article:modified_time\" content=\"2025-10-27T15:39:50+00:00\" \/>\n<meta name=\"twitter:card\" content=\"summary_large_image\" \/>\n<meta name=\"twitter:label1\" content=\"Dur\u00e9e de lecture estim\u00e9e\" \/>\n\t<meta name=\"twitter:data1\" content=\"1 minute\" \/>\n<script type=\"application\/ld+json\" class=\"yoast-schema-graph\">{\"@context\":\"https:\/\/schema.org\",\"@graph\":[{\"@type\":\"WebPage\",\"@id\":\"http:\/\/cpaparis.org\/?page_id=426\",\"url\":\"http:\/\/cpaparis.org\/?page_id=426\",\"name\":\"Planning Danses 2023-2024 - Club de Patinage Adultes de Paris\",\"isPartOf\":{\"@id\":\"http:\/\/cpaparis.org\/#website\"},\"datePublished\":\"2018-10-22T10:07:58+00:00\",\"dateModified\":\"2025-10-27T15:39:50+00:00\",\"description\":\"%\",\"breadcrumb\":{\"@id\":\"http:\/\/cpaparis.org\/?page_id=426#breadcrumb\"},\"inLanguage\":\"fr-FR\",\"potentialAction\":[{\"@type\":\"ReadAction\",\"target\":[\"http:\/\/cpaparis.org\/?page_id=426\"]}]},{\"@type\":\"BreadcrumbList\",\"@id\":\"http:\/\/cpaparis.org\/?page_id=426#breadcrumb\",\"itemListElement\":[{\"@type\":\"ListItem\",\"position\":1,\"name\":\"Accueil\",\"item\":\"http:\/\/cpaparis.org\/\"},{\"@type\":\"ListItem\",\"position\":2,\"name\":\"Planning Danses 2023-2024\"}]},{\"@type\":\"WebSite\",\"@id\":\"http:\/\/cpaparis.org\/#website\",\"url\":\"http:\/\/cpaparis.org\/\",\"name\":\"Club de Patinage Adultes de Paris\",\"description\":\"Labellis\u00e9 \u00e9cole de glace par la F\u00e9d\u00e9ration Fran\u00e7aise des Sports de Glace\",\"publisher\":{\"@id\":\"http:\/\/cpaparis.org\/#organization\"},\"potentialAction\":[{\"@type\":\"SearchAction\",\"target\":{\"@type\":\"EntryPoint\",\"urlTemplate\":\"http:\/\/cpaparis.org\/?s={search_term_string}\"},\"query-input\":{\"@type\":\"PropertyValueSpecification\",\"valueRequired\":true,\"valueName\":\"search_term_string\"}}],\"inLanguage\":\"fr-FR\"},{\"@type\":\"Organization\",\"@id\":\"http:\/\/cpaparis.org\/#organization\",\"name\":\"Club de Patinage Adultes de Paris\",\"url\":\"http:\/\/cpaparis.org\/\",\"logo\":{\"@type\":\"ImageObject\",\"inLanguage\":\"fr-FR\",\"@id\":\"http:\/\/cpaparis.org\/#\/schema\/logo\/image\/\",\"url\":\"http:\/\/cpaparis.org\/wp-content\/uploads\/2019\/10\/cpap-transparent.png\",\"contentUrl\":\"http:\/\/cpaparis.org\/wp-content\/uploads\/2019\/10\/cpap-transparent.png\",\"width\":99,\"height\":48,\"caption\":\"Club de Patinage Adultes de Paris\"},\"image\":{\"@id\":\"http:\/\/cpaparis.org\/#\/schema\/logo\/image\/\"}}]}<\/script>\n<!-- \/ Yoast SEO plugin. -->","yoast_head_json":{"title":"Planning Danses 2023-2024 - Club de Patinage Adultes de Paris","description":"%","robots":{"index":"index","follow":"follow","max-snippet":"max-snippet:-1","max-image-preview":"max-image-preview:large","max-video-preview":"max-video-preview:-1"},"canonical":"http:\/\/cpaparis.org\/?page_id=426","og_locale":"fr_FR","og_type":"article","og_title":"Planning Danses 2023-2024 - Club de Patinage Adultes de Paris","og_description":"%","og_url":"http:\/\/cpaparis.org\/?page_id=426","og_site_name":"Club de Patinage Adultes de Paris","article_modified_time":"2025-10-27T15:39:50+00:00","twitter_card":"summary_large_image","twitter_misc":{"Dur\u00e9e de lecture estim\u00e9e":"1 minute"},"schema":{"@context":"https:\/\/schema.org","@graph":[{"@type":"WebPage","@id":"http:\/\/cpaparis.org\/?page_id=426","url":"http:\/\/cpaparis.org\/?page_id=426","name":"Planning Danses 2023-2024 - Club de Patinage Adultes de Paris","isPartOf":{"@id":"http:\/\/cpaparis.org\/#website"},"datePublished":"2018-10-22T10:07:58+00:00","dateModified":"2025-10-27T15:39:50+00:00","description":"%","breadcrumb":{"@id":"http:\/\/cpaparis.org\/?page_id=426#breadcrumb"},"inLanguage":"fr-FR","potentialAction":[{"@type":"ReadAction","target":["http:\/\/cpaparis.org\/?page_id=426"]}]},{"@type":"BreadcrumbList","@id":"http:\/\/cpaparis.org\/?page_id=426#breadcrumb","itemListElement":[{"@type":"ListItem","position":1,"name":"Accueil","item":"http:\/\/cpaparis.org\/"},{"@type":"ListItem","position":2,"name":"Planning Danses 2023-2024"}]},{"@type":"WebSite","@id":"http:\/\/cpaparis.org\/#website","url":"http:\/\/cpaparis.org\/","name":"Club de Patinage Adultes de Paris","description":"Labellis\u00e9 \u00e9cole de glace par la F\u00e9d\u00e9ration Fran\u00e7aise des Sports de Glace","publisher":{"@id":"http:\/\/cpaparis.org\/#organization"},"potentialAction":[{"@type":"SearchAction","target":{"@type":"EntryPoint","urlTemplate":"http:\/\/cpaparis.org\/?s={search_term_string}"},"query-input":{"@type":"PropertyValueSpecification","valueRequired":true,"valueName":"search_term_string"}}],"inLanguage":"fr-FR"},{"@type":"Organization","@id":"http:\/\/cpaparis.org\/#organization","name":"Club de Patinage Adultes de Paris","url":"http:\/\/cpaparis.org\/","logo":{"@type":"ImageObject","inLanguage":"fr-FR","@id":"http:\/\/cpaparis.org\/#\/schema\/logo\/image\/","url":"http:\/\/cpaparis.org\/wp-content\/uploads\/2019\/10\/cpap-transparent.png","contentUrl":"http:\/\/cpaparis.org\/wp-content\/uploads\/2019\/10\/cpap-transparent.png","width":99,"height":48,"caption":"Club de Patinage Adultes de Paris"},"image":{"@id":"http:\/\/cpaparis.org\/#\/schema\/logo\/image\/"}}]}},"_links":{"self":[{"href":"http:\/\/cpaparis.org\/index.php?rest_route=\/wp\/v2\/pages\/426","targetHints":{"allow":["GET"]}}],"collection":[{"href":"http:\/\/cpaparis.org\/index.php?rest_route=\/wp\/v2\/pages"}],"about":[{"href":"http:\/\/cpaparis.org\/index.php?rest_route=\/wp\/v2\/types\/page"}],"author":[{"embeddable":true,"href":"http:\/\/cpaparis.org\/index.php?rest_route=\/wp\/v2\/users\/3"}],"replies":[{"embeddable":true,"href":"http:\/\/cpaparis.org\/index.php?rest_route=%2Fwp%2Fv2%2Fcomments&post=426"}],"version-history":[{"count":10,"href":"http:\/\/cpaparis.org\/index.php?rest_route=\/wp\/v2\/pages\/426\/revisions"}],"predecessor-version":[{"id":1411,"href":"http:\/\/cpaparis.org\/index.php?rest_route=\/wp\/v2\/pages\/426\/revisions\/1411"}],"wp:attachment":[{"href":"http:\/\/cpaparis.org\/index.php?rest_route=%2Fwp%2Fv2%2Fmedia&parent=426"}],"wp:term":[{"taxonomy":"folder","embeddable":true,"href":"http:\/\/cpaparis.org\/index.php?rest_route=%2Fwp%2Fv2%2Ffolder&post=426"}],"curies":[{"name":"wp","href":"https:\/\/api.w.org\/{rel}","templated":true}]}}